{"id":946,"date":"2022-01-01T17:40:58","date_gmt":"2022-01-01T17:40:58","guid":{"rendered":"http:\/\/jeanfrancoishuguel.com\/?page_id=946"},"modified":"2022-05-22T12:21:42","modified_gmt":"2022-05-22T12:21:42","slug":"aspects-techniques","status":"publish","type":"page","link":"https:\/\/jeanfrancoishuguel.com\/?page_id=946","title":{"rendered":"Aspects techniques"},"content":{"rendered":"\n<p>Photographe argentiste depuis 1980, j&rsquo;utilise un mat\u00e9riel vari\u00e9, en petit ou moyen format. Je n&rsquo;ai pas, pour l&rsquo;instant, test\u00e9 de demi-format. Toutes les images que vous voyez ici sont captur\u00e9es sur un film argentique.<\/p>\n\n\n\n<p>Mes boitiers pr\u00e9f\u00e9r\u00e9s, en 35mm, le Canon EOS 30, le Nikon F100, le Leica R6.2, l&rsquo;Olympus OM1N, pour les r\u00e9flex, les Canon 7 et VL2, un Werra, pour les t\u00e9l\u00e9m\u00e9triques. Et plein d&rsquo;autres&#8230;<\/p>\n\n\n\n<p>Pour le moyen format, j&rsquo;utilise un KIEV 60, un Yashica Mat 124G et un Semflex. Mais pas que&#8230;<\/p>\n\n\n\n<p>J&rsquo;utilise de plus en plus une cellule \u00e0 main, ou la r\u00e8gle du \u00ab\u00a0Sunny F\/16\u00a0\u00bb, ou encore une application posem\u00e8tre sur smartphone. Je reconnais l&rsquo;extr\u00eame confort des automatismes et de l&rsquo;autofocus, mais je dois avouer que laisser l&rsquo;appareil tout contr\u00f4ler am\u00e8ne parfois des vilaines surprises sur le choix du focus ou de la bonne exposition.<\/p>\n\n\n\n<p>J&rsquo;y mets essentiellement des films Foma 100 ou 400 ISO que je d\u00e9veloppe moi-m\u00eame dans du Fomadon R09 1+25 ou 1+50.<\/p>\n\n\n\n<p>En p\u00e9riode d&rsquo;indisponibilit\u00e9 de mon labo, je me contente de scanner mes n\u00e9gatifs avec un scanner EPSON V500, que je traite ensuite avec GIMP (ou Photofiltre, ou Darktable) sous Linux, comme je les traiterais dans un agrandisseur: d\u00e9poussi\u00e9rage, correction de l&rsquo;exposition, augmentation ou affaiblissement du contraste, recadrage, exceptionnellement (je limite volontairement la correction num\u00e9rique, sans \u00eatre un ayatollah de l&rsquo;argentique, je pr\u00e9f\u00e8re un usage mod\u00e9r\u00e9 du logiciel).<\/p>\n\n\n\n<p>Mes images ne sont, pour l&rsquo;instant, pas \u00e0 vendre. J&rsquo;en proposerai des tirages d&rsquo;art, limit\u00e9s, lorsque cette galerie arrivera \u00e0 maturit\u00e9.<\/p>\n\n\n\n<p>Les images ici expos\u00e9es sont ma propri\u00e9t\u00e9 et ne peuvent \u00eatre utilis\u00e9es sans mon autorisation.<\/p>\n\n\n\n<p>&#8212;-<\/p>\n\n\n\n<p><em>Film photographer since 1980, I use a variety of equipment, in small or medium format. <\/em><\/p>\n\n\n\n<p><em>I have not, for the moment, tested half-size. <\/em><\/p>\n\n\n\n<p><em>All the images you see here are captured on film. <\/em><\/p>\n\n\n\n<p><em>My favorite cameras, in 35mm, the Canon EOS 30, the Nikon F100, the Leica R6.2, the Olympus OM1N, for reflexe<\/em>s<em>, the Canon 7 and VL2, a Werra, for rangefinders. And many more\u2026 For medium format, I use a KIEV 60, a Yashica Mat 124G and a Semflex. But not only\u2026 I use more and more a hand cell, or the \u00ab\u00a0Sunny F\/16\u00a0\u00bb ruler, or even a light meter application on a smartphone. I recognize the extreme comfort of the automatisms and the autofocus, but I must admit that letting the camera control everything sometimes leads to nasty surprises on the choice of focus or the right exposure. I mainly put in Foma 100 or 400 ISO films that I develop myself in Fomadon R09 1+25 or 1+50. <\/em><\/p>\n\n\n\n<p><em>When my lab is unavailable, I just scan my negatives with an EPSON V500 scanner, which I then process with GIMP (or Photofiltre, or Darktable) under Linux, as I would process them in an enlarger: dust removal, correction of exposure, increase or decrease in contrast, cropping, exceptionally (I voluntarily limit digital correction, without being an ayatollah of film photography, I prefer moderate use of the software).<\/em><\/p>\n\n\n\n<p><em>My images are not for sale at this time. I will offer limited art prints when this gallery matures. <\/em><\/p>\n\n\n\n<p>T<em>he images displayed here are my property and cannot be used without my authorization.<\/em><\/p>\n","protected":false},"excerpt":{"rendered":"<p>Photographe argentiste depuis 1980, j&rsquo;utilise un mat\u00e9riel vari\u00e9, en petit ou moyen format. Je n&rsquo;ai pas, pour l&rsquo;instant, test\u00e9 de demi-format. Toutes les images que vous voyez ici sont captur\u00e9es sur un film argentique. Mes boitiers pr\u00e9f\u00e9r\u00e9s, en 35mm, le Canon EOS 30, le Nikon F100, le Leica R6.2, l&rsquo;Olympus OM1N, pour les r\u00e9flex, les &hellip; <\/p>\n<p class=\"link-more\"><a href=\"https:\/\/jeanfrancoishuguel.com\/?page_id=946\" class=\"more-link\">Lire la suite de<span class=\"screen-reader-text\">\u00ab\u00a0Aspects techniques\u00a0\u00bb<\/span><\/a><\/p>\n","protected":false},"author":1,"featured_media":1517,"parent":0,"menu_order":0,"comment_status":"open","ping_status":"closed","template":"","meta":{"om_disable_all_campaigns":false,"_monsterinsights_skip_tracking":false,"_monsterinsights_sitenote_active":false,"_monsterinsights_sitenote_note":"","_monsterinsights_sitenote_category":0,"footnotes":""},"class_list":["post-946","page","type-page","status-publish","has-post-thumbnail","hentry"],"aioseo_notices":[],"jetpack_sharing_enabled":true,"jetpack_likes_enabled":true,"featured_media_urls":{"thumbnail":["https:\/\/jeanfrancoishuguel.com\/wp-content\/uploads\/2022\/02\/2022_eos30_foma400_r09446-150x150.jpeg",150,150,true],"medium":["https:\/\/jeanfrancoishuguel.com\/wp-content\/uploads\/2022\/02\/2022_eos30_foma400_r09446-300x189.jpeg",300,189,true],"medium_large":["https:\/\/jeanfrancoishuguel.com\/wp-content\/uploads\/2022\/02\/2022_eos30_foma400_r09446-768x484.jpeg",768,484,true],"large":["https:\/\/jeanfrancoishuguel.com\/wp-content\/uploads\/2022\/02\/2022_eos30_foma400_r09446-1024x645.jpeg",950,598,true],"1536x1536":["https:\/\/jeanfrancoishuguel.com\/wp-content\/uploads\/2022\/02\/2022_eos30_foma400_r09446-1536x968.jpeg",1536,968,true],"2048x2048":["https:\/\/jeanfrancoishuguel.com\/wp-content\/uploads\/2022\/02\/2022_eos30_foma400_r09446-2048x1291.jpeg",2048,1291,true],"inspiro-featured-image":["https:\/\/jeanfrancoishuguel.com\/wp-content\/uploads\/2022\/02\/2022_eos30_foma400_r09446-scaled-2000x1260.jpeg",2000,1260,true],"inspiro-loop":["https:\/\/jeanfrancoishuguel.com\/wp-content\/uploads\/2022\/02\/2022_eos30_foma400_r09446-scaled-950x320.jpeg",950,320,true],"inspiro-loop@2x":["https:\/\/jeanfrancoishuguel.com\/wp-content\/uploads\/2022\/02\/2022_eos30_foma400_r09446-scaled-1900x640.jpeg",1900,640,true],"portfolio_item-thumbnail":["https:\/\/jeanfrancoishuguel.com\/wp-content\/uploads\/2022\/02\/2022_eos30_foma400_r09446-scaled-600x400.jpeg",600,400,true],"portfolio_item-thumbnail@2x":["https:\/\/jeanfrancoishuguel.com\/wp-content\/uploads\/2022\/02\/2022_eos30_foma400_r09446-scaled-1200x800.jpeg",1200,800,true],"portfolio_item-masonry":["https:\/\/jeanfrancoishuguel.com\/wp-content\/uploads\/2022\/02\/2022_eos30_foma400_r09446-scaled-600x378.jpeg",600,378,true],"portfolio_item-masonry@2x":["https:\/\/jeanfrancoishuguel.com\/wp-content\/uploads\/2022\/02\/2022_eos30_foma400_r09446-scaled-1200x756.jpeg",1200,756,true],"portfolio_item-thumbnail_cinema":["https:\/\/jeanfrancoishuguel.com\/wp-content\/uploads\/2022\/02\/2022_eos30_foma400_r09446-scaled-800x335.jpeg",800,335,true],"portfolio_item-thumbnail_portrait":["https:\/\/jeanfrancoishuguel.com\/wp-content\/uploads\/2022\/02\/2022_eos30_foma400_r09446-scaled-600x900.jpeg",600,900,true],"portfolio_item-thumbnail_portrait@2x":["https:\/\/jeanfrancoishuguel.com\/wp-content\/uploads\/2022\/02\/2022_eos30_foma400_r09446-scaled-1200x1613.jpeg",1200,1613,true],"portfolio_item-thumbnail_square":["https:\/\/jeanfrancoishuguel.com\/wp-content\/uploads\/2022\/02\/2022_eos30_foma400_r09446-scaled-800x800.jpeg",800,800,true]},"_links":{"self":[{"href":"https:\/\/jeanfrancoishuguel.com\/index.php?rest_route=\/wp\/v2\/pages\/946","targetHints":{"allow":["GET"]}}],"collection":[{"href":"https:\/\/jeanfrancoishuguel.com\/index.php?rest_route=\/wp\/v2\/pages"}],"about":[{"href":"https:\/\/jeanfrancoishuguel.com\/index.php?rest_route=\/wp\/v2\/types\/page"}],"author":[{"embeddable":true,"href":"https:\/\/jeanfrancoishuguel.com\/index.php?rest_route=\/wp\/v2\/users\/1"}],"replies":[{"embeddable":true,"href":"https:\/\/jeanfrancoishuguel.com\/index.php?rest_route=%2Fwp%2Fv2%2Fcomments&post=946"}],"version-history":[{"count":6,"href":"https:\/\/jeanfrancoishuguel.com\/index.php?rest_route=\/wp\/v2\/pages\/946\/revisions"}],"predecessor-version":[{"id":1531,"href":"https:\/\/jeanfrancoishuguel.com\/index.php?rest_route=\/wp\/v2\/pages\/946\/revisions\/1531"}],"wp:featuredmedia":[{"embeddable":true,"href":"https:\/\/jeanfrancoishuguel.com\/index.php?rest_route=\/wp\/v2\/media\/1517"}],"wp:attachment":[{"href":"https:\/\/jeanfrancoishuguel.com\/index.php?rest_route=%2Fwp%2Fv2%2Fmedia&parent=946"}],"curies":[{"name":"wp","href":"https:\/\/api.w.org\/{rel}","templated":true}]}}